{"id":154923,"date":"2026-06-29T10:44:00","date_gmt":"2026-06-29T08:44:00","guid":{"rendered":"https:\/\/www.equitat.org\/publicacions-videos\/resum-executiu-anuari-educacio-catalunya-2026-equitat"},"modified":"2026-07-21T12:20:27","modified_gmt":"2026-07-21T10:20:27","slug":"resum-executiu-anuari-educacio-catalunya-2026-equitat","status":"publish","type":"publicacions","link":"https:\/\/www.equitat.org\/es\/publicaciones\/resum-executiu-anuari-educacio-catalunya-2026-equitat","title":{"rendered":"Resumen Ejecutivo. Anuario de la Educaci\u00f3n en Catalu\u00f1a 2026"},"content":{"rendered":"\n<p class=\"wp-block-paragraph\">Resumen ejecutivo del <strong>Anuario de la Educaci\u00f3n en Catalu\u00f1a 2026<\/strong>. Desde 2005, el Anuario revisa el sistema educativo catal\u00e1n a partir de los principales indicadores, que compara internacionalmente. Esta radiograf\u00eda permite identificar los principales retos educativos.<\/p>\n\n\n\n<p class=\"wp-block-paragraph\">El Anuario 2026 concluye que <strong>la educaci\u00f3n en Catalu\u00f1a est\u00e1 en un punto cr\u00edtico.<\/strong> Los malos resultados y las desigualdades en las trayectorias se han cronificado en los \u00faltimos cinco a\u00f1os. Un punto cr\u00edtico que obliga a priorizar la equidad en las pol\u00edticas educativas en el sistema, que acumula graves problemas de financiaci\u00f3n y de ineficiencia.<\/p>\n\n\n\n<p class=\"wp-block-paragraph\"><\/p>\n","protected":false},"excerpt":{"rendered":"<p>Resumen ejecutivo del Anuario de la Educaci\u00f3n en Catalu\u00f1a 2026. Desde 2005, el Anuario revisa el sistema educativo catal\u00e1n a partir de los principales indicadores, que compare internacionalmente. Esta radiograf\u00eda permite identificar los principales retos educativos.<\/p>\n","protected":false},"featured_media":155154,"parent":0,"menu_order":0,"template":"","class_list":["post-154923","publicacions","type-publicacions","status-publish","has-post-thumbnail","hentry","tipologia-publicaciones"],"acf":[],"yoast_head":"<!-- This site is optimized with the Yoast SEO plugin v28.3 - https:\/\/yoast.com\/product\/yoast-seo-wordpress\/ -->\n<title>Resumen Ejecutivo. Anuario de la Educaci\u00f3n en Catalu\u00f1a 2026 - Equitat.org<\/title>\n<meta name=\"description\" content=\"L&#039;Anuari de l&#039;Educaci\u00f3 a Catalunya 2026 d&#039;Equitat.org revisa l&#039;estat del sistema educatiu a partir dels principals indicadors.\" \/>\n<meta name=\"robots\" content=\"index, follow, max-snippet:-1, max-image-preview:large, max-video-preview:-1\" \/>\n<link rel=\"canonical\" href=\"https:\/\/www.equitat.org\/es\/publicaciones\/resum-executiu-anuari-educacio-catalunya-2026-equitat\" \/>\n<meta property=\"og:locale\" content=\"es_ES\" \/>\n<meta property=\"og:type\" content=\"article\" \/>\n<meta property=\"og:title\" content=\"Resumen Ejecutivo. Anuario de la Educaci\u00f3n en Catalu\u00f1a 2026 - Equitat.org\" \/>\n<meta property=\"og:description\" content=\"L&#039;Anuari de l&#039;Educaci\u00f3 a Catalunya 2026 d&#039;Equitat.org revisa l&#039;estat del sistema educatiu a partir dels principals indicadors.\" \/>\n<meta property=\"og:url\" content=\"https:\/\/www.equitat.org\/es\/publicaciones\/resum-executiu-anuari-educacio-catalunya-2026-equitat\" \/>\n<meta property=\"og:site_name\" content=\"Equitat.org\" \/>\n<meta property=\"article:publisher\" content=\"https:\/\/www.facebook.com\/FundacioBofill?locale=es_ES\" \/>\n<meta property=\"article:modified_time\" content=\"2026-07-21T10:20:27+00:00\" \/>\n<meta property=\"og:image\" content=\"https:\/\/www.equitat.org\/app\/uploads\/2026\/06\/Resum_Anuari2026_1000x1000_ES-1.jpg\" \/>\n\t<meta property=\"og:image:width\" content=\"2083\" \/>\n\t<meta property=\"og:image:height\" content=\"2083\" \/>\n\t<meta property=\"og:image:type\" content=\"image\/jpeg\" \/>\n<meta name=\"twitter:card\" content=\"summary_large_image\" \/>\n<meta name=\"twitter:site\" content=\"@FundacioBofill\" \/>\n<meta name=\"twitter:label1\" content=\"Tiempo de lectura\" \/>\n\t<meta name=\"twitter:data1\" content=\"1 minuto\" \/>\n<script type=\"application\/ld+json\" class=\"yoast-schema-graph\">{\"@context\":\"https:\\\/\\\/schema.org\",\"@graph\":[{\"@type\":\"WebPage\",\"@id\":\"https:\\\/\\\/www.equitat.org\\\/es\\\/publicaciones\\\/resum-executiu-anuari-educacio-catalunya-2026-equitat\",\"url\":\"https:\\\/\\\/www.equitat.org\\\/es\\\/publicaciones\\\/resum-executiu-anuari-educacio-catalunya-2026-equitat\",\"name\":\"Resumen Ejecutivo. Anuario de la Educaci\u00f3n en Catalu\u00f1a 2026 - Equitat.org\",\"isPartOf\":{\"@id\":\"https:\\\/\\\/www.equitat.org\\\/es#website\"},\"primaryImageOfPage\":{\"@id\":\"https:\\\/\\\/www.equitat.org\\\/es\\\/publicaciones\\\/resum-executiu-anuari-educacio-catalunya-2026-equitat#primaryimage\"},\"image\":{\"@id\":\"https:\\\/\\\/www.equitat.org\\\/es\\\/publicaciones\\\/resum-executiu-anuari-educacio-catalunya-2026-equitat#primaryimage\"},\"thumbnailUrl\":\"https:\\\/\\\/www.equitat.org\\\/app\\\/uploads\\\/2026\\\/06\\\/Resum_Anuari2026_1000x1000_ES-1.jpg\",\"datePublished\":\"2026-06-29T08:44:00+00:00\",\"dateModified\":\"2026-07-21T10:20:27+00:00\",\"description\":\"L'Anuari de l'Educaci\u00f3 a Catalunya 2026 d'Equitat.org revisa l'estat del sistema educatiu a partir dels principals indicadors.\",\"inLanguage\":\"es\",\"potentialAction\":[{\"@type\":\"ReadAction\",\"target\":[\"https:\\\/\\\/www.equitat.org\\\/es\\\/publicaciones\\\/resum-executiu-anuari-educacio-catalunya-2026-equitat\"]}]},{\"@type\":\"ImageObject\",\"inLanguage\":\"es\",\"@id\":\"https:\\\/\\\/www.equitat.org\\\/es\\\/publicaciones\\\/resum-executiu-anuari-educacio-catalunya-2026-equitat#primaryimage\",\"url\":\"https:\\\/\\\/www.equitat.org\\\/app\\\/uploads\\\/2026\\\/06\\\/Resum_Anuari2026_1000x1000_ES-1.jpg\",\"contentUrl\":\"https:\\\/\\\/www.equitat.org\\\/app\\\/uploads\\\/2026\\\/06\\\/Resum_Anuari2026_1000x1000_ES-1.jpg\",\"width\":2083,\"height\":2083},{\"@type\":\"WebSite\",\"@id\":\"https:\\\/\\\/www.equitat.org\\\/es#website\",\"url\":\"https:\\\/\\\/www.equitat.org\\\/es\",\"name\":\"Equitat.org\",\"description\":\"educaci\u00f3 per canviar-ho tot\",\"publisher\":{\"@id\":\"https:\\\/\\\/www.equitat.org\\\/es#organization\"},\"potentialAction\":[{\"@type\":\"SearchAction\",\"target\":{\"@type\":\"EntryPoint\",\"urlTemplate\":\"https:\\\/\\\/www.equitat.org\\\/es?s={search_term_string}\"},\"query-input\":{\"@type\":\"PropertyValueSpecification\",\"valueRequired\":true,\"valueName\":\"search_term_string\"}}],\"inLanguage\":\"es\"},{\"@type\":\"Organization\",\"@id\":\"https:\\\/\\\/www.equitat.org\\\/es#organization\",\"name\":\"Equitat\",\"url\":\"https:\\\/\\\/www.equitat.org\\\/es\",\"logo\":{\"@type\":\"ImageObject\",\"inLanguage\":\"es\",\"@id\":\"https:\\\/\\\/www.equitat.org\\\/es#\\\/schema\\\/logo\\\/image\\\/\",\"url\":\"https:\\\/\\\/www.equitat.org\\\/app\\\/uploads\\\/2026\\\/04\\\/fundacio_jaume_bofill_logo.jpg\",\"contentUrl\":\"https:\\\/\\\/www.equitat.org\\\/app\\\/uploads\\\/2026\\\/04\\\/fundacio_jaume_bofill_logo.jpg\",\"width\":200,\"height\":200,\"caption\":\"Equitat\"},\"image\":{\"@id\":\"https:\\\/\\\/www.equitat.org\\\/es#\\\/schema\\\/logo\\\/image\\\/\"},\"sameAs\":[\"https:\\\/\\\/www.facebook.com\\\/FundacioBofill?locale=es_ES\",\"https:\\\/\\\/x.com\\\/FundacioBofill\"]}]}<\/script>\n<!-- \/ Yoast SEO plugin. -->","yoast_head_json":{"title":"Resumen Ejecutivo. Anuario de la Educaci\u00f3n en Catalu\u00f1a 2026 - Equitat.org","description":"L'Anuari de l'Educaci\u00f3 a Catalunya 2026 d'Equitat.org revisa l'estat del sistema educatiu a partir dels principals indicadors.","robots":{"index":"index","follow":"follow","max-snippet":"max-snippet:-1","max-image-preview":"max-image-preview:large","max-video-preview":"max-video-preview:-1"},"canonical":"https:\/\/www.equitat.org\/es\/publicaciones\/resum-executiu-anuari-educacio-catalunya-2026-equitat","og_locale":"es_ES","og_type":"article","og_title":"Resumen Ejecutivo. Anuario de la Educaci\u00f3n en Catalu\u00f1a 2026 - Equitat.org","og_description":"L'Anuari de l'Educaci\u00f3 a Catalunya 2026 d'Equitat.org revisa l'estat del sistema educatiu a partir dels principals indicadors.","og_url":"https:\/\/www.equitat.org\/es\/publicaciones\/resum-executiu-anuari-educacio-catalunya-2026-equitat","og_site_name":"Equitat.org","article_publisher":"https:\/\/www.facebook.com\/FundacioBofill?locale=es_ES","article_modified_time":"2026-07-21T10:20:27+00:00","og_image":[{"width":2083,"height":2083,"url":"https:\/\/www.equitat.org\/app\/uploads\/2026\/06\/Resum_Anuari2026_1000x1000_ES-1.jpg","type":"image\/jpeg"}],"twitter_card":"summary_large_image","twitter_site":"@FundacioBofill","twitter_misc":{"Tiempo de lectura":"1 minuto"},"schema":{"@context":"https:\/\/schema.org","@graph":[{"@type":"WebPage","@id":"https:\/\/www.equitat.org\/es\/publicaciones\/resum-executiu-anuari-educacio-catalunya-2026-equitat","url":"https:\/\/www.equitat.org\/es\/publicaciones\/resum-executiu-anuari-educacio-catalunya-2026-equitat","name":"Resumen Ejecutivo. Anuario de la Educaci\u00f3n en Catalu\u00f1a 2026 - Equitat.org","isPartOf":{"@id":"https:\/\/www.equitat.org\/es#website"},"primaryImageOfPage":{"@id":"https:\/\/www.equitat.org\/es\/publicaciones\/resum-executiu-anuari-educacio-catalunya-2026-equitat#primaryimage"},"image":{"@id":"https:\/\/www.equitat.org\/es\/publicaciones\/resum-executiu-anuari-educacio-catalunya-2026-equitat#primaryimage"},"thumbnailUrl":"https:\/\/www.equitat.org\/app\/uploads\/2026\/06\/Resum_Anuari2026_1000x1000_ES-1.jpg","datePublished":"2026-06-29T08:44:00+00:00","dateModified":"2026-07-21T10:20:27+00:00","description":"L'Anuari de l'Educaci\u00f3 a Catalunya 2026 d'Equitat.org revisa l'estat del sistema educatiu a partir dels principals indicadors.","inLanguage":"es","potentialAction":[{"@type":"ReadAction","target":["https:\/\/www.equitat.org\/es\/publicaciones\/resum-executiu-anuari-educacio-catalunya-2026-equitat"]}]},{"@type":"ImageObject","inLanguage":"es","@id":"https:\/\/www.equitat.org\/es\/publicaciones\/resum-executiu-anuari-educacio-catalunya-2026-equitat#primaryimage","url":"https:\/\/www.equitat.org\/app\/uploads\/2026\/06\/Resum_Anuari2026_1000x1000_ES-1.jpg","contentUrl":"https:\/\/www.equitat.org\/app\/uploads\/2026\/06\/Resum_Anuari2026_1000x1000_ES-1.jpg","width":2083,"height":2083},{"@type":"WebSite","@id":"https:\/\/www.equitat.org\/es#website","url":"https:\/\/www.equitat.org\/es","name":"Equitat.org","description":"educaci\u00f3 per canviar-ho tot","publisher":{"@id":"https:\/\/www.equitat.org\/es#organization"},"potentialAction":[{"@type":"SearchAction","target":{"@type":"EntryPoint","urlTemplate":"https:\/\/www.equitat.org\/es?s={search_term_string}"},"query-input":{"@type":"PropertyValueSpecification","valueRequired":true,"valueName":"search_term_string"}}],"inLanguage":"es"},{"@type":"Organization","@id":"https:\/\/www.equitat.org\/es#organization","name":"Equitat","url":"https:\/\/www.equitat.org\/es","logo":{"@type":"ImageObject","inLanguage":"es","@id":"https:\/\/www.equitat.org\/es#\/schema\/logo\/image\/","url":"https:\/\/www.equitat.org\/app\/uploads\/2026\/04\/fundacio_jaume_bofill_logo.jpg","contentUrl":"https:\/\/www.equitat.org\/app\/uploads\/2026\/04\/fundacio_jaume_bofill_logo.jpg","width":200,"height":200,"caption":"Equitat"},"image":{"@id":"https:\/\/www.equitat.org\/es#\/schema\/logo\/image\/"},"sameAs":["https:\/\/www.facebook.com\/FundacioBofill?locale=es_ES","https:\/\/x.com\/FundacioBofill"]}]}},"_links":{"self":[{"href":"https:\/\/www.equitat.org\/es\/wp-json\/wp\/v2\/publicacions\/154923","targetHints":{"allow":["GET"]}}],"collection":[{"href":"https:\/\/www.equitat.org\/es\/wp-json\/wp\/v2\/publicacions"}],"about":[{"href":"https:\/\/www.equitat.org\/es\/wp-json\/wp\/v2\/types\/publicacions"}],"wp:featuredmedia":[{"embeddable":true,"href":"https:\/\/www.equitat.org\/es\/wp-json\/wp\/v2\/media\/155154"}],"wp:attachment":[{"href":"https:\/\/www.equitat.org\/es\/wp-json\/wp\/v2\/media?parent=154923"}],"curies":[{"name":"wp","href":"https:\/\/api.w.org\/{rel}","templated":true}]}}

Resumen Ejecutivo. Anuario de la Educación en Cataluña 2026

<p class="wp-block-paragraph">Resumen ejecutivo del <strong>Anuario de la Educación en Cataluña 2026</strong>. Desde 2005, el Anuario revisa el sistema educativo catalán a partir de los principales indicadores, que compara internacionalmente. Esta radiografía permite identificar los principales retos educativos.</p>



<p class="wp-block-paragraph">El Anuario 2026 concluye que <strong>la educación en Cataluña está en un punto crítico.</strong> Los malos resultados y las desigualdades en las trayectorias se han cronificado en los últimos cinco años. Un punto crítico que obliga a priorizar la equidad en las políticas educativas en el sistema, que acumula graves problemas de financiación y de ineficiencia.</p>



<p class="wp-block-paragraph"></p>

<p>Resumen ejecutivo del Anuario de la Educación en Cataluña 2026. Desde 2005, el Anuario revisa el sistema educativo catalán a partir de los principales indicadores, que compare internacionalmente. Esta radiografía permite identificar los principales retos educativos.</p>

<!-- This site is optimized with the Yoast SEO plugin v28.3 - https://yoast.com/product/yoast-seo-wordpress/ -->
<title>Resumen Ejecutivo. Anuario de la Educación en Cataluña 2026 - Equitat.org</title>
<meta name="description" content="L&#039;Anuari de l&#039;Educació a Catalunya 2026 d&#039;Equitat.org revisa l&#039;estat del sistema educatiu a partir dels principals indicadors." />
<meta name="robots" content="index, follow, max-snippet:-1, max-image-preview:large, max-video-preview:-1" />
<link rel="canonical" href="https://www.equitat.org/es/publicaciones/resum-executiu-anuari-educacio-catalunya-2026-equitat" />
<meta property="og:locale" content="es_ES" />
<meta property="og:type" content="article" />
<meta property="og:title" content="Resumen Ejecutivo. Anuario de la Educación en Cataluña 2026 - Equitat.org" />
<meta property="og:description" content="L&#039;Anuari de l&#039;Educació a Catalunya 2026 d&#039;Equitat.org revisa l&#039;estat del sistema educatiu a partir dels principals indicadors." />
<meta property="og:url" content="https://www.equitat.org/es/publicaciones/resum-executiu-anuari-educacio-catalunya-2026-equitat" />
<meta property="og:site_name" content="Equitat.org" />
<meta property="article:publisher" content="https://www.facebook.com/FundacioBofill?locale=es_ES" />
<meta property="article:modified_time" content="2026-07-21T10:20:27+00:00" />
<meta property="og:image" content="https://www.equitat.org/app/uploads/2026/06/Resum_Anuari2026_1000x1000_ES-1.jpg" />
	<meta property="og:image:width" content="2083" />
	<meta property="og:image:height" content="2083" />
	<meta property="og:image:type" content="image/jpeg" />
<meta name="twitter:card" content="summary_large_image" />
<meta name="twitter:site" content="@FundacioBofill" />
<meta name="twitter:label1" content="Tiempo de lectura" />
	<meta name="twitter:data1" content="1 minuto" />
<script type="application/ld+json" class="yoast-schema-graph">{"@context":"https:\/\/schema.org","@graph":[{"@type":"WebPage","@id":"https:\/\/www.equitat.org\/es\/publicaciones\/resum-executiu-anuari-educacio-catalunya-2026-equitat","url":"https:\/\/www.equitat.org\/es\/publicaciones\/resum-executiu-anuari-educacio-catalunya-2026-equitat","name":"Resumen Ejecutivo. Anuario de la Educación en Cataluña 2026 - Equitat.org","isPartOf":{"@id":"https:\/\/www.equitat.org\/es#website"},"primaryImageOfPage":{"@id":"https:\/\/www.equitat.org\/es\/publicaciones\/resum-executiu-anuari-educacio-catalunya-2026-equitat#primaryimage"},"image":{"@id":"https:\/\/www.equitat.org\/es\/publicaciones\/resum-executiu-anuari-educacio-catalunya-2026-equitat#primaryimage"},"thumbnailUrl":"https:\/\/www.equitat.org\/app\/uploads\/2026\/06\/Resum_Anuari2026_1000x1000_ES-1.jpg","datePublished":"2026-06-29T08:44:00+00:00","dateModified":"2026-07-21T10:20:27+00:00","description":"L'Anuari de l'Educació a Catalunya 2026 d'Equitat.org revisa l'estat del sistema educatiu a partir dels principals indicadors.","inLanguage":"es","potentialAction":[{"@type":"ReadAction","target":["https:\/\/www.equitat.org\/es\/publicaciones\/resum-executiu-anuari-educacio-catalunya-2026-equitat"]}]},{"@type":"ImageObject","inLanguage":"es","@id":"https:\/\/www.equitat.org\/es\/publicaciones\/resum-executiu-anuari-educacio-catalunya-2026-equitat#primaryimage","url":"https:\/\/www.equitat.org\/app\/uploads\/2026\/06\/Resum_Anuari2026_1000x1000_ES-1.jpg","contentUrl":"https:\/\/www.equitat.org\/app\/uploads\/2026\/06\/Resum_Anuari2026_1000x1000_ES-1.jpg","width":2083,"height":2083},{"@type":"WebSite","@id":"https:\/\/www.equitat.org\/es#website","url":"https:\/\/www.equitat.org\/es","name":"Equitat.org","description":"educació per canviar-ho tot","publisher":{"@id":"https:\/\/www.equitat.org\/es#organization"},"potentialAction":[{"@type":"SearchAction","target":{"@type":"EntryPoint","urlTemplate":"https:\/\/www.equitat.org\/es?s={search_term_string}"},"query-input":{"@type":"PropertyValueSpecification","valueRequired":true,"valueName":"search_term_string"}}],"inLanguage":"es"},{"@type":"Organization","@id":"https:\/\/www.equitat.org\/es#organization","name":"Equitat","url":"https:\/\/www.equitat.org\/es","logo":{"@type":"ImageObject","inLanguage":"es","@id":"https:\/\/www.equitat.org\/es#\/schema\/logo\/image\/","url":"https:\/\/www.equitat.org\/app\/uploads\/2026\/04\/fundacio_jaume_bofill_logo.jpg","contentUrl":"https:\/\/www.equitat.org\/app\/uploads\/2026\/04\/fundacio_jaume_bofill_logo.jpg","width":200,"height":200,"caption":"Equitat"},"image":{"@id":"https:\/\/www.equitat.org\/es#\/schema\/logo\/image\/"},"sameAs":["https:\/\/www.facebook.com\/FundacioBofill?locale=es_ES","https:\/\/x.com\/FundacioBofill"]}]}</script>
<!-- / Yoast SEO plugin. -->

Resumen Ejecutivo. Anuario de la Educación en Cataluña 2026 - Equitat.org

L'Anuari de l'Educació a Catalunya 2026 d'Equitat.org revisa l'estat del sistema educatiu a partir dels principals indicadors.

educació per canviar-ho tot
