{"id":139991,"date":"2016-05-03T05:59:08","date_gmt":"2016-05-03T05:59:08","guid":{"rendered":"http:\/\/fundaciobofill.mortensen.cat\/publicacions-videos\/veinte-anos-de-inmigracion-en-espana\/"},"modified":"2016-05-03T05:59:08","modified_gmt":"2016-05-03T05:59:08","slug":"veinte-anos-de-inmigracion-en-espana","status":"publish","type":"publicacions","link":"https:\/\/www.equitat.org\/es\/publicacions-videos\/veinte-anos-de-inmigracion-en-espana","title":{"rendered":"Veinte a\u00f1os de inmigraci\u00f3n en Espa\u00f1a"},"content":{"rendered":"<p>1.- El marco constitucional.<\/p>\n<p>&#13;<\/p>\n<p>2.- La Ley Org\u00e1nica de Extranjer\u00eda de 1985 y la Sentencia 115\/1987 del Tribunal Constitucional.<\/p>\n<p>&#13;<\/p>\n<p>3.- La regularizaci\u00f3n de 1991, las nuevas Sentencias constitucionales y el Reglamento de 1996.<\/p>\n<p>&#13;<\/p>\n<p>4.- La Ley Org\u00e1nica 4\/2000 de derechos y libertades de los extranjeros y su integraci\u00f3n social.<\/p>\n<p>&#13;<\/p>\n<p>5.- La Ley Org\u00e1nica 8\/2000 impulsada por el gobierno del Partido Popular y su desarrollo normativo.<\/p>\n<p>&#13;<\/p>\n<p>6.- Crecimiento acelerado de la inmigraci\u00f3n en los primeros a\u00f1os del siglo XXI, sin una normativa adecuada.<\/p>\n<p>&#13;<\/p>\n<p>7.- Las \u00faltimas leyes y reglamentos.<\/p>\n","protected":false},"excerpt":{"rendered":"<p>1.- El marco constitucional. &#13; 2.- La Ley Org\u00e1nica de Extranjer\u00eda de 1985 y la Sentencia 115\/1987 del Tribunal Constitucional. &#13; 3.- La regularizaci\u00f3n de 1991, las nuevas Sentencias constitucionales y el Reglamento de 1996. &#13; 4.- La Ley Org\u00e1nica 4\/2000 de derechos y libertades de los extranjeros y su integraci\u00f3n social. &#13; 5.- La [&hellip;]<\/p>\n","protected":false},"featured_media":114162,"parent":0,"menu_order":0,"template":"","class_list":["post-139991","publicacions","type-publicacions","status-publish","has-post-thumbnail","hentry"],"acf":[],"yoast_head":"<!-- This site is optimized with the Yoast SEO plugin v27.3 - https:\/\/yoast.com\/product\/yoast-seo-wordpress\/ -->\n<title>Veinte a\u00f1os de inmigraci\u00f3n en Espa\u00f1a - Equitat.org<\/title>\n<meta name=\"robots\" content=\"index, follow, max-snippet:-1, max-image-preview:large, max-video-preview:-1\" \/>\n<link rel=\"canonical\" href=\"https:\/\/www.equitat.org\/es\/publicacions-videos\/veinte-anos-de-inmigracion-en-espana\" \/>\n<meta property=\"og:locale\" content=\"es_ES\" \/>\n<meta property=\"og:type\" content=\"article\" \/>\n<meta property=\"og:title\" content=\"Veinte a\u00f1os de inmigraci\u00f3n en Espa\u00f1a - Equitat.org\" \/>\n<meta property=\"og:description\" content=\"1.- El marco constitucional. &#013; 2.- La Ley Org\u00e1nica de Extranjer\u00eda de 1985 y la Sentencia 115\/1987 del Tribunal Constitucional. &#013; 3.- La regularizaci\u00f3n de 1991, las nuevas Sentencias constitucionales y el Reglamento de 1996. &#013; 4.- La Ley Org\u00e1nica 4\/2000 de derechos y libertades de los extranjeros y su integraci\u00f3n social. &#013; 5.- La [&hellip;]\" \/>\n<meta property=\"og:url\" content=\"https:\/\/www.equitat.org\/es\/publicacions-videos\/veinte-anos-de-inmigracion-en-espana\" \/>\n<meta property=\"og:site_name\" content=\"Equitat.org\" \/>\n<meta property=\"article:publisher\" content=\"https:\/\/www.facebook.com\/FundacioBofill?locale=es_ES\" \/>\n<meta property=\"og:image\" content=\"https:\/\/www.equitat.org\/app\/uploads\/2025\/03\/uwl-grafic-educacio-hibrida.png\" \/>\n\t<meta property=\"og:image:width\" content=\"504\" \/>\n\t<meta property=\"og:image:height\" content=\"586\" \/>\n\t<meta property=\"og:image:type\" content=\"image\/png\" \/>\n<meta name=\"twitter:card\" content=\"summary_large_image\" \/>\n<meta name=\"twitter:site\" content=\"@FundacioBofill\" \/>\n<script type=\"application\/ld+json\" class=\"yoast-schema-graph\">{\"@context\":\"https:\\\/\\\/schema.org\",\"@graph\":[{\"@type\":\"WebPage\",\"@id\":\"https:\\\/\\\/www.equitat.org\\\/es\\\/publicacions-videos\\\/veinte-anos-de-inmigracion-en-espana\",\"url\":\"https:\\\/\\\/www.equitat.org\\\/es\\\/publicacions-videos\\\/veinte-anos-de-inmigracion-en-espana\",\"name\":\"Veinte a\u00f1os de inmigraci\u00f3n en Espa\u00f1a - Equitat.org\",\"isPartOf\":{\"@id\":\"https:\\\/\\\/www.equitat.org\\\/es#website\"},\"primaryImageOfPage\":{\"@id\":\"https:\\\/\\\/www.equitat.org\\\/es\\\/publicacions-videos\\\/veinte-anos-de-inmigracion-en-espana#primaryimage\"},\"image\":{\"@id\":\"https:\\\/\\\/www.equitat.org\\\/es\\\/publicacions-videos\\\/veinte-anos-de-inmigracion-en-espana#primaryimage\"},\"thumbnailUrl\":\"https:\\\/\\\/www.equitat.org\\\/app\\\/uploads\\\/2025\\\/03\\\/uwl-grafic-educacio-hibrida.png\",\"datePublished\":\"2016-05-03T05:59:08+00:00\",\"inLanguage\":\"es\",\"potentialAction\":[{\"@type\":\"ReadAction\",\"target\":[\"https:\\\/\\\/www.equitat.org\\\/es\\\/publicacions-videos\\\/veinte-anos-de-inmigracion-en-espana\"]}]},{\"@type\":\"ImageObject\",\"inLanguage\":\"es\",\"@id\":\"https:\\\/\\\/www.equitat.org\\\/es\\\/publicacions-videos\\\/veinte-anos-de-inmigracion-en-espana#primaryimage\",\"url\":\"https:\\\/\\\/www.equitat.org\\\/app\\\/uploads\\\/2025\\\/03\\\/uwl-grafic-educacio-hibrida.png\",\"contentUrl\":\"https:\\\/\\\/www.equitat.org\\\/app\\\/uploads\\\/2025\\\/03\\\/uwl-grafic-educacio-hibrida.png\",\"width\":504,\"height\":586},{\"@type\":\"WebSite\",\"@id\":\"https:\\\/\\\/www.equitat.org\\\/es#website\",\"url\":\"https:\\\/\\\/www.equitat.org\\\/es\",\"name\":\"Equitat.org\",\"description\":\"educaci\u00f3 per canviar-ho tot\",\"publisher\":{\"@id\":\"https:\\\/\\\/www.equitat.org\\\/es#organization\"},\"potentialAction\":[{\"@type\":\"SearchAction\",\"target\":{\"@type\":\"EntryPoint\",\"urlTemplate\":\"https:\\\/\\\/www.equitat.org\\\/es?s={search_term_string}\"},\"query-input\":{\"@type\":\"PropertyValueSpecification\",\"valueRequired\":true,\"valueName\":\"search_term_string\"}}],\"inLanguage\":\"es\"},{\"@type\":\"Organization\",\"@id\":\"https:\\\/\\\/www.equitat.org\\\/es#organization\",\"name\":\"Equitat\",\"url\":\"https:\\\/\\\/www.equitat.org\\\/es\",\"logo\":{\"@type\":\"ImageObject\",\"inLanguage\":\"es\",\"@id\":\"https:\\\/\\\/www.equitat.org\\\/es#\\\/schema\\\/logo\\\/image\\\/\",\"url\":\"https:\\\/\\\/www.equitat.org\\\/app\\\/uploads\\\/2026\\\/04\\\/fundacio_jaume_bofill_logo.jpg\",\"contentUrl\":\"https:\\\/\\\/www.equitat.org\\\/app\\\/uploads\\\/2026\\\/04\\\/fundacio_jaume_bofill_logo.jpg\",\"width\":200,\"height\":200,\"caption\":\"Equitat\"},\"image\":{\"@id\":\"https:\\\/\\\/www.equitat.org\\\/es#\\\/schema\\\/logo\\\/image\\\/\"},\"sameAs\":[\"https:\\\/\\\/www.facebook.com\\\/FundacioBofill?locale=es_ES\",\"https:\\\/\\\/x.com\\\/FundacioBofill\"]}]}<\/script>\n<!-- \/ Yoast SEO plugin. -->","yoast_head_json":{"title":"Veinte a\u00f1os de inmigraci\u00f3n en Espa\u00f1a - Equitat.org","robots":{"index":"index","follow":"follow","max-snippet":"max-snippet:-1","max-image-preview":"max-image-preview:large","max-video-preview":"max-video-preview:-1"},"canonical":"https:\/\/www.equitat.org\/es\/publicacions-videos\/veinte-anos-de-inmigracion-en-espana","og_locale":"es_ES","og_type":"article","og_title":"Veinte a\u00f1os de inmigraci\u00f3n en Espa\u00f1a - Equitat.org","og_description":"1.- El marco constitucional. &#13; 2.- La Ley Org\u00e1nica de Extranjer\u00eda de 1985 y la Sentencia 115\/1987 del Tribunal Constitucional. &#13; 3.- La regularizaci\u00f3n de 1991, las nuevas Sentencias constitucionales y el Reglamento de 1996. &#13; 4.- La Ley Org\u00e1nica 4\/2000 de derechos y libertades de los extranjeros y su integraci\u00f3n social. &#13; 5.- La [&hellip;]","og_url":"https:\/\/www.equitat.org\/es\/publicacions-videos\/veinte-anos-de-inmigracion-en-espana","og_site_name":"Equitat.org","article_publisher":"https:\/\/www.facebook.com\/FundacioBofill?locale=es_ES","og_image":[{"width":504,"height":586,"url":"https:\/\/www.equitat.org\/app\/uploads\/2025\/03\/uwl-grafic-educacio-hibrida.png","type":"image\/png"}],"twitter_card":"summary_large_image","twitter_site":"@FundacioBofill","schema":{"@context":"https:\/\/schema.org","@graph":[{"@type":"WebPage","@id":"https:\/\/www.equitat.org\/es\/publicacions-videos\/veinte-anos-de-inmigracion-en-espana","url":"https:\/\/www.equitat.org\/es\/publicacions-videos\/veinte-anos-de-inmigracion-en-espana","name":"Veinte a\u00f1os de inmigraci\u00f3n en Espa\u00f1a - Equitat.org","isPartOf":{"@id":"https:\/\/www.equitat.org\/es#website"},"primaryImageOfPage":{"@id":"https:\/\/www.equitat.org\/es\/publicacions-videos\/veinte-anos-de-inmigracion-en-espana#primaryimage"},"image":{"@id":"https:\/\/www.equitat.org\/es\/publicacions-videos\/veinte-anos-de-inmigracion-en-espana#primaryimage"},"thumbnailUrl":"https:\/\/www.equitat.org\/app\/uploads\/2025\/03\/uwl-grafic-educacio-hibrida.png","datePublished":"2016-05-03T05:59:08+00:00","inLanguage":"es","potentialAction":[{"@type":"ReadAction","target":["https:\/\/www.equitat.org\/es\/publicacions-videos\/veinte-anos-de-inmigracion-en-espana"]}]},{"@type":"ImageObject","inLanguage":"es","@id":"https:\/\/www.equitat.org\/es\/publicacions-videos\/veinte-anos-de-inmigracion-en-espana#primaryimage","url":"https:\/\/www.equitat.org\/app\/uploads\/2025\/03\/uwl-grafic-educacio-hibrida.png","contentUrl":"https:\/\/www.equitat.org\/app\/uploads\/2025\/03\/uwl-grafic-educacio-hibrida.png","width":504,"height":586},{"@type":"WebSite","@id":"https:\/\/www.equitat.org\/es#website","url":"https:\/\/www.equitat.org\/es","name":"Equitat.org","description":"educaci\u00f3 per canviar-ho tot","publisher":{"@id":"https:\/\/www.equitat.org\/es#organization"},"potentialAction":[{"@type":"SearchAction","target":{"@type":"EntryPoint","urlTemplate":"https:\/\/www.equitat.org\/es?s={search_term_string}"},"query-input":{"@type":"PropertyValueSpecification","valueRequired":true,"valueName":"search_term_string"}}],"inLanguage":"es"},{"@type":"Organization","@id":"https:\/\/www.equitat.org\/es#organization","name":"Equitat","url":"https:\/\/www.equitat.org\/es","logo":{"@type":"ImageObject","inLanguage":"es","@id":"https:\/\/www.equitat.org\/es#\/schema\/logo\/image\/","url":"https:\/\/www.equitat.org\/app\/uploads\/2026\/04\/fundacio_jaume_bofill_logo.jpg","contentUrl":"https:\/\/www.equitat.org\/app\/uploads\/2026\/04\/fundacio_jaume_bofill_logo.jpg","width":200,"height":200,"caption":"Equitat"},"image":{"@id":"https:\/\/www.equitat.org\/es#\/schema\/logo\/image\/"},"sameAs":["https:\/\/www.facebook.com\/FundacioBofill?locale=es_ES","https:\/\/x.com\/FundacioBofill"]}]}},"_links":{"self":[{"href":"https:\/\/www.equitat.org\/es\/wp-json\/wp\/v2\/publicacions\/139991","targetHints":{"allow":["GET"]}}],"collection":[{"href":"https:\/\/www.equitat.org\/es\/wp-json\/wp\/v2\/publicacions"}],"about":[{"href":"https:\/\/www.equitat.org\/es\/wp-json\/wp\/v2\/types\/publicacions"}],"wp:featuredmedia":[{"embeddable":true,"href":"https:\/\/www.equitat.org\/es\/wp-json\/wp\/v2\/media\/114162"}],"wp:attachment":[{"href":"https:\/\/www.equitat.org\/es\/wp-json\/wp\/v2\/media?parent=139991"}],"curies":[{"name":"wp","href":"https:\/\/api.w.org\/{rel}","templated":true}]}}

Veinte años de inmigración en España

<p>1.- El marco constitucional.</p>
<p>&#13;</p>
<p>2.- La Ley Orgánica de Extranjería de 1985 y la Sentencia 115/1987 del Tribunal Constitucional.</p>
<p>&#13;</p>
<p>3.- La regularización de 1991, las nuevas Sentencias constitucionales y el Reglamento de 1996.</p>
<p>&#13;</p>
<p>4.- La Ley Orgánica 4/2000 de derechos y libertades de los extranjeros y su integración social.</p>
<p>&#13;</p>
<p>5.- La Ley Orgánica 8/2000 impulsada por el gobierno del Partido Popular y su desarrollo normativo.</p>
<p>&#13;</p>
<p>6.- Crecimiento acelerado de la inmigración en los primeros años del siglo XXI, sin una normativa adecuada.</p>
<p>&#13;</p>
<p>7.- Las últimas leyes y reglamentos.</p>

<p>1.- El marco constitucional. &#13; 2.- La Ley Orgánica de Extranjería de 1985 y la Sentencia 115/1987 del Tribunal Constitucional. &#13; 3.- La regularización de 1991, las nuevas Sentencias constitucionales y el Reglamento de 1996. &#13; 4.- La Ley Orgánica 4/2000 de derechos y libertades de los extranjeros y su integración social. &#13; 5.- La [&hellip;]</p>

<!-- This site is optimized with the Yoast SEO plugin v27.3 - https://yoast.com/product/yoast-seo-wordpress/ -->
<title>Veinte años de inmigración en España - Equitat.org</title>
<meta name="robots" content="index, follow, max-snippet:-1, max-image-preview:large, max-video-preview:-1" />
<link rel="canonical" href="https://www.equitat.org/es/publicacions-videos/veinte-anos-de-inmigracion-en-espana" />
<meta property="og:locale" content="es_ES" />
<meta property="og:type" content="article" />
<meta property="og:title" content="Veinte años de inmigración en España - Equitat.org" />
<meta property="og:description" content="1.- El marco constitucional. &#013; 2.- La Ley Orgánica de Extranjería de 1985 y la Sentencia 115/1987 del Tribunal Constitucional. &#013; 3.- La regularización de 1991, las nuevas Sentencias constitucionales y el Reglamento de 1996. &#013; 4.- La Ley Orgánica 4/2000 de derechos y libertades de los extranjeros y su integración social. &#013; 5.- La [&hellip;]" />
<meta property="og:url" content="https://www.equitat.org/es/publicacions-videos/veinte-anos-de-inmigracion-en-espana" />
<meta property="og:site_name" content="Equitat.org" />
<meta property="article:publisher" content="https://www.facebook.com/FundacioBofill?locale=es_ES" />
<meta property="og:image" content="https://www.equitat.org/app/uploads/2025/03/uwl-grafic-educacio-hibrida.png" />
	<meta property="og:image:width" content="504" />
	<meta property="og:image:height" content="586" />
	<meta property="og:image:type" content="image/png" />
<meta name="twitter:card" content="summary_large_image" />
<meta name="twitter:site" content="@FundacioBofill" />
<script type="application/ld+json" class="yoast-schema-graph">{"@context":"https:\/\/schema.org","@graph":[{"@type":"WebPage","@id":"https:\/\/www.equitat.org\/es\/publicacions-videos\/veinte-anos-de-inmigracion-en-espana","url":"https:\/\/www.equitat.org\/es\/publicacions-videos\/veinte-anos-de-inmigracion-en-espana","name":"Veinte años de inmigración en España - Equitat.org","isPartOf":{"@id":"https:\/\/www.equitat.org\/es#website"},"primaryImageOfPage":{"@id":"https:\/\/www.equitat.org\/es\/publicacions-videos\/veinte-anos-de-inmigracion-en-espana#primaryimage"},"image":{"@id":"https:\/\/www.equitat.org\/es\/publicacions-videos\/veinte-anos-de-inmigracion-en-espana#primaryimage"},"thumbnailUrl":"https:\/\/www.equitat.org\/app\/uploads\/2025\/03\/uwl-grafic-educacio-hibrida.png","datePublished":"2016-05-03T05:59:08+00:00","inLanguage":"es","potentialAction":[{"@type":"ReadAction","target":["https:\/\/www.equitat.org\/es\/publicacions-videos\/veinte-anos-de-inmigracion-en-espana"]}]},{"@type":"ImageObject","inLanguage":"es","@id":"https:\/\/www.equitat.org\/es\/publicacions-videos\/veinte-anos-de-inmigracion-en-espana#primaryimage","url":"https:\/\/www.equitat.org\/app\/uploads\/2025\/03\/uwl-grafic-educacio-hibrida.png","contentUrl":"https:\/\/www.equitat.org\/app\/uploads\/2025\/03\/uwl-grafic-educacio-hibrida.png","width":504,"height":586},{"@type":"WebSite","@id":"https:\/\/www.equitat.org\/es#website","url":"https:\/\/www.equitat.org\/es","name":"Equitat.org","description":"educació per canviar-ho tot","publisher":{"@id":"https:\/\/www.equitat.org\/es#organization"},"potentialAction":[{"@type":"SearchAction","target":{"@type":"EntryPoint","urlTemplate":"https:\/\/www.equitat.org\/es?s={search_term_string}"},"query-input":{"@type":"PropertyValueSpecification","valueRequired":true,"valueName":"search_term_string"}}],"inLanguage":"es"},{"@type":"Organization","@id":"https:\/\/www.equitat.org\/es#organization","name":"Equitat","url":"https:\/\/www.equitat.org\/es","logo":{"@type":"ImageObject","inLanguage":"es","@id":"https:\/\/www.equitat.org\/es#\/schema\/logo\/image\/","url":"https:\/\/www.equitat.org\/app\/uploads\/2026\/04\/fundacio_jaume_bofill_logo.jpg","contentUrl":"https:\/\/www.equitat.org\/app\/uploads\/2026\/04\/fundacio_jaume_bofill_logo.jpg","width":200,"height":200,"caption":"Equitat"},"image":{"@id":"https:\/\/www.equitat.org\/es#\/schema\/logo\/image\/"},"sameAs":["https:\/\/www.facebook.com\/FundacioBofill?locale=es_ES","https:\/\/x.com\/FundacioBofill"]}]}</script>
<!-- / Yoast SEO plugin. -->

Veinte años de inmigración en España - Equitat.org

1.- El marco constitucional. &#13; 2.- La Ley Orgánica de Extranjería de 1985 y la Sentencia 115/1987 del Tribunal Constitucional. &#13; 3.- La regularización de 1991, las nuevas Sentencias constitucionales y el Reglamento de 1996. &#13; 4.- La Ley Orgánica 4/2000 de derechos y libertades de los extranjeros y su integración social. &#13; 5.- La [&hellip;]

educació per canviar-ho tot
