{"id":152916,"date":"2026-04-13T10:46:05","date_gmt":"2026-04-13T08:46:05","guid":{"rendered":"https:\/\/www.equitat.org\/es\/educacio-mes-enlla-de-lescola"},"modified":"2026-04-20T09:12:34","modified_gmt":"2026-04-20T07:12:34","slug":"educacion-mas-alla-escuela","status":"publish","type":"projectes","link":"https:\/\/www.equitat.org\/es\/educacion-mas-alla-escuela","title":{"rendered":"Educaci\u00f3n m\u00e1s all\u00e1 de la escuela"},"content":{"rendered":"\n<p>Cuando termina la escuela las desigualdades educativas crecen a\u00fan m\u00e1s. El espacio de mediod\u00eda, las extraescolares de tarde o verano, as\u00ed como la biblioteca de un barrio, determinan las trayectorias personales y pueden corregir graves desigualdades.<\/p>\n\n\n\n<p>Pero la realidad es que, en Catalu\u00f1a, <strong>el 40% de los ni\u00f1os y adolescentes no hacen ning\u00fan extraescolar a lo largo del curso<\/strong> y que 1 de cada 4 ni\u00f1os termina primaria sin el nivel lector esperado.<\/p>\n\n\n\n<p>Equitat.org analiza los retos de la <strong>llamada educaci\u00f3n 360<\/strong>. Promueve la <a href=\"https:\/\/www.educacio360.cat\/\">Alianza Educaci\u00f3n 360<\/a>, con m\u00e1s de 400 entidades e instituciones, para fortalecer el compromiso colectivo del pa\u00eds con la educaci\u00f3n m\u00e1s all\u00e1 de la escuela. Tambi\u00e9n trabaja para mejorar la comprensi\u00f3n lectora de los ni\u00f1os con el <a href=\"https:\/\/lecxit.cat\/\">programa Lecxit<\/a>, que gracias a m\u00e1s de 2.000 personas voluntarias llega a m\u00e1s de 300 puntos del pa\u00eds.<\/p>\n","protected":false},"excerpt":{"rendered":"<p>Cuando termina la escuela las desigualdades educativas crecen a\u00fan m\u00e1s. El espacio de mediod\u00eda, las extraescolares de tarde o verano, as\u00ed como la biblioteca de un barrio, determinan las trayectorias personales y pueden corregir graves desigualdades. Pero la realidad es que, en Catalu\u00f1a, el 40% de los ni\u00f1os y adolescentes no hacen ning\u00fan extraescolar a [&hellip;]<\/p>\n","protected":false},"featured_media":152553,"parent":0,"menu_order":2,"template":"","class_list":["post-152916","projectes","type-projectes","status-publish","has-post-thumbnail","hentry"],"acf":[],"yoast_head":"<!-- This site is optimized with the Yoast SEO plugin v27.3 - https:\/\/yoast.com\/product\/yoast-seo-wordpress\/ -->\n<title>Educaci\u00f3n m\u00e1s all\u00e1 de la escuela - Equitat.org<\/title>\n<meta name=\"description\" content=\"Cuando termina la escuela aumentan las desigualdades educativas. Equitat.org impulsa la Alianza Educaci\u00f3n 360 y programas de lectura como Lecxit.\" \/>\n<meta name=\"robots\" content=\"index, follow, max-snippet:-1, max-image-preview:large, max-video-preview:-1\" \/>\n<link rel=\"canonical\" href=\"https:\/\/www.equitat.org\/es\/educacion-mas-alla-escuela\" \/>\n<meta property=\"og:locale\" content=\"es_ES\" \/>\n<meta property=\"og:type\" content=\"article\" \/>\n<meta property=\"og:title\" content=\"Educaci\u00f3n m\u00e1s all\u00e1 de la escuela - Equitat.org\" \/>\n<meta property=\"og:description\" content=\"Cuando termina la escuela aumentan las desigualdades educativas. Equitat.org impulsa la Alianza Educaci\u00f3n 360 y programas de lectura como Lecxit.\" \/>\n<meta property=\"og:url\" content=\"https:\/\/www.equitat.org\/es\/educacion-mas-alla-escuela\" \/>\n<meta property=\"og:site_name\" content=\"Equitat.org\" \/>\n<meta property=\"article:publisher\" content=\"https:\/\/www.facebook.com\/FundacioBofill?locale=es_ES\" \/>\n<meta property=\"article:modified_time\" content=\"2026-04-20T07:12:34+00:00\" \/>\n<meta property=\"og:image\" content=\"https:\/\/www.equitat.org\/app\/uploads\/2026\/04\/Projectes_EducacioMesEnllaDelEscola.png\" \/>\n\t<meta property=\"og:image:width\" content=\"2560\" \/>\n\t<meta property=\"og:image:height\" content=\"1076\" \/>\n\t<meta property=\"og:image:type\" content=\"image\/png\" \/>\n<meta name=\"twitter:card\" content=\"summary_large_image\" \/>\n<meta name=\"twitter:site\" content=\"@FundacioBofill\" \/>\n<meta name=\"twitter:label1\" content=\"Tiempo de lectura\" \/>\n\t<meta name=\"twitter:data1\" content=\"1 minuto\" \/>\n<script type=\"application\/ld+json\" class=\"yoast-schema-graph\">{\"@context\":\"https:\\\/\\\/schema.org\",\"@graph\":[{\"@type\":\"WebPage\",\"@id\":\"https:\\\/\\\/www.equitat.org\\\/es\\\/educacion-mas-alla-escuela\",\"url\":\"https:\\\/\\\/www.equitat.org\\\/es\\\/educacion-mas-alla-escuela\",\"name\":\"Educaci\u00f3n m\u00e1s all\u00e1 de la escuela - Equitat.org\",\"isPartOf\":{\"@id\":\"https:\\\/\\\/www.equitat.org\\\/es#website\"},\"primaryImageOfPage\":{\"@id\":\"https:\\\/\\\/www.equitat.org\\\/es\\\/educacion-mas-alla-escuela#primaryimage\"},\"image\":{\"@id\":\"https:\\\/\\\/www.equitat.org\\\/es\\\/educacion-mas-alla-escuela#primaryimage\"},\"thumbnailUrl\":\"https:\\\/\\\/www.equitat.org\\\/app\\\/uploads\\\/2026\\\/04\\\/Projectes_EducacioMesEnllaDelEscola.png\",\"datePublished\":\"2026-04-13T08:46:05+00:00\",\"dateModified\":\"2026-04-20T07:12:34+00:00\",\"description\":\"Cuando termina la escuela aumentan las desigualdades educativas. Equitat.org impulsa la Alianza Educaci\u00f3n 360 y programas de lectura como Lecxit.\",\"inLanguage\":\"es\",\"potentialAction\":[{\"@type\":\"ReadAction\",\"target\":[\"https:\\\/\\\/www.equitat.org\\\/es\\\/educacion-mas-alla-escuela\"]}]},{\"@type\":\"ImageObject\",\"inLanguage\":\"es\",\"@id\":\"https:\\\/\\\/www.equitat.org\\\/es\\\/educacion-mas-alla-escuela#primaryimage\",\"url\":\"https:\\\/\\\/www.equitat.org\\\/app\\\/uploads\\\/2026\\\/04\\\/Projectes_EducacioMesEnllaDelEscola.png\",\"contentUrl\":\"https:\\\/\\\/www.equitat.org\\\/app\\\/uploads\\\/2026\\\/04\\\/Projectes_EducacioMesEnllaDelEscola.png\",\"width\":2560,\"height\":1076},{\"@type\":\"WebSite\",\"@id\":\"https:\\\/\\\/www.equitat.org\\\/es#website\",\"url\":\"https:\\\/\\\/www.equitat.org\\\/es\",\"name\":\"Equitat.org\",\"description\":\"educaci\u00f3 per canviar-ho tot\",\"publisher\":{\"@id\":\"https:\\\/\\\/www.equitat.org\\\/es#organization\"},\"potentialAction\":[{\"@type\":\"SearchAction\",\"target\":{\"@type\":\"EntryPoint\",\"urlTemplate\":\"https:\\\/\\\/www.equitat.org\\\/es?s={search_term_string}\"},\"query-input\":{\"@type\":\"PropertyValueSpecification\",\"valueRequired\":true,\"valueName\":\"search_term_string\"}}],\"inLanguage\":\"es\"},{\"@type\":\"Organization\",\"@id\":\"https:\\\/\\\/www.equitat.org\\\/es#organization\",\"name\":\"Equitat\",\"url\":\"https:\\\/\\\/www.equitat.org\\\/es\",\"logo\":{\"@type\":\"ImageObject\",\"inLanguage\":\"es\",\"@id\":\"https:\\\/\\\/www.equitat.org\\\/es#\\\/schema\\\/logo\\\/image\\\/\",\"url\":\"https:\\\/\\\/www.equitat.org\\\/app\\\/uploads\\\/2026\\\/04\\\/fundacio_jaume_bofill_logo.jpg\",\"contentUrl\":\"https:\\\/\\\/www.equitat.org\\\/app\\\/uploads\\\/2026\\\/04\\\/fundacio_jaume_bofill_logo.jpg\",\"width\":200,\"height\":200,\"caption\":\"Equitat\"},\"image\":{\"@id\":\"https:\\\/\\\/www.equitat.org\\\/es#\\\/schema\\\/logo\\\/image\\\/\"},\"sameAs\":[\"https:\\\/\\\/www.facebook.com\\\/FundacioBofill?locale=es_ES\",\"https:\\\/\\\/x.com\\\/FundacioBofill\"]}]}<\/script>\n<!-- \/ Yoast SEO plugin. -->","yoast_head_json":{"title":"Educaci\u00f3n m\u00e1s all\u00e1 de la escuela - Equitat.org","description":"Cuando termina la escuela aumentan las desigualdades educativas. Equitat.org impulsa la Alianza Educaci\u00f3n 360 y programas de lectura como Lecxit.","robots":{"index":"index","follow":"follow","max-snippet":"max-snippet:-1","max-image-preview":"max-image-preview:large","max-video-preview":"max-video-preview:-1"},"canonical":"https:\/\/www.equitat.org\/es\/educacion-mas-alla-escuela","og_locale":"es_ES","og_type":"article","og_title":"Educaci\u00f3n m\u00e1s all\u00e1 de la escuela - Equitat.org","og_description":"Cuando termina la escuela aumentan las desigualdades educativas. Equitat.org impulsa la Alianza Educaci\u00f3n 360 y programas de lectura como Lecxit.","og_url":"https:\/\/www.equitat.org\/es\/educacion-mas-alla-escuela","og_site_name":"Equitat.org","article_publisher":"https:\/\/www.facebook.com\/FundacioBofill?locale=es_ES","article_modified_time":"2026-04-20T07:12:34+00:00","og_image":[{"width":2560,"height":1076,"url":"https:\/\/www.equitat.org\/app\/uploads\/2026\/04\/Projectes_EducacioMesEnllaDelEscola.png","type":"image\/png"}],"twitter_card":"summary_large_image","twitter_site":"@FundacioBofill","twitter_misc":{"Tiempo de lectura":"1 minuto"},"schema":{"@context":"https:\/\/schema.org","@graph":[{"@type":"WebPage","@id":"https:\/\/www.equitat.org\/es\/educacion-mas-alla-escuela","url":"https:\/\/www.equitat.org\/es\/educacion-mas-alla-escuela","name":"Educaci\u00f3n m\u00e1s all\u00e1 de la escuela - Equitat.org","isPartOf":{"@id":"https:\/\/www.equitat.org\/es#website"},"primaryImageOfPage":{"@id":"https:\/\/www.equitat.org\/es\/educacion-mas-alla-escuela#primaryimage"},"image":{"@id":"https:\/\/www.equitat.org\/es\/educacion-mas-alla-escuela#primaryimage"},"thumbnailUrl":"https:\/\/www.equitat.org\/app\/uploads\/2026\/04\/Projectes_EducacioMesEnllaDelEscola.png","datePublished":"2026-04-13T08:46:05+00:00","dateModified":"2026-04-20T07:12:34+00:00","description":"Cuando termina la escuela aumentan las desigualdades educativas. Equitat.org impulsa la Alianza Educaci\u00f3n 360 y programas de lectura como Lecxit.","inLanguage":"es","potentialAction":[{"@type":"ReadAction","target":["https:\/\/www.equitat.org\/es\/educacion-mas-alla-escuela"]}]},{"@type":"ImageObject","inLanguage":"es","@id":"https:\/\/www.equitat.org\/es\/educacion-mas-alla-escuela#primaryimage","url":"https:\/\/www.equitat.org\/app\/uploads\/2026\/04\/Projectes_EducacioMesEnllaDelEscola.png","contentUrl":"https:\/\/www.equitat.org\/app\/uploads\/2026\/04\/Projectes_EducacioMesEnllaDelEscola.png","width":2560,"height":1076},{"@type":"WebSite","@id":"https:\/\/www.equitat.org\/es#website","url":"https:\/\/www.equitat.org\/es","name":"Equitat.org","description":"educaci\u00f3 per canviar-ho tot","publisher":{"@id":"https:\/\/www.equitat.org\/es#organization"},"potentialAction":[{"@type":"SearchAction","target":{"@type":"EntryPoint","urlTemplate":"https:\/\/www.equitat.org\/es?s={search_term_string}"},"query-input":{"@type":"PropertyValueSpecification","valueRequired":true,"valueName":"search_term_string"}}],"inLanguage":"es"},{"@type":"Organization","@id":"https:\/\/www.equitat.org\/es#organization","name":"Equitat","url":"https:\/\/www.equitat.org\/es","logo":{"@type":"ImageObject","inLanguage":"es","@id":"https:\/\/www.equitat.org\/es#\/schema\/logo\/image\/","url":"https:\/\/www.equitat.org\/app\/uploads\/2026\/04\/fundacio_jaume_bofill_logo.jpg","contentUrl":"https:\/\/www.equitat.org\/app\/uploads\/2026\/04\/fundacio_jaume_bofill_logo.jpg","width":200,"height":200,"caption":"Equitat"},"image":{"@id":"https:\/\/www.equitat.org\/es#\/schema\/logo\/image\/"},"sameAs":["https:\/\/www.facebook.com\/FundacioBofill?locale=es_ES","https:\/\/x.com\/FundacioBofill"]}]}},"_links":{"self":[{"href":"https:\/\/www.equitat.org\/es\/wp-json\/wp\/v2\/projectes\/152916","targetHints":{"allow":["GET"]}}],"collection":[{"href":"https:\/\/www.equitat.org\/es\/wp-json\/wp\/v2\/projectes"}],"about":[{"href":"https:\/\/www.equitat.org\/es\/wp-json\/wp\/v2\/types\/projectes"}],"wp:featuredmedia":[{"embeddable":true,"href":"https:\/\/www.equitat.org\/es\/wp-json\/wp\/v2\/media\/152553"}],"wp:attachment":[{"href":"https:\/\/www.equitat.org\/es\/wp-json\/wp\/v2\/media?parent=152916"}],"curies":[{"name":"wp","href":"https:\/\/api.w.org\/{rel}","templated":true}]}}

Educación más allá de la escuela

<p>Cuando termina la escuela las desigualdades educativas crecen aún más. El espacio de mediodía, las extraescolares de tarde o verano, así como la biblioteca de un barrio, determinan las trayectorias personales y pueden corregir graves desigualdades.</p>



<p>Pero la realidad es que, en Cataluña, <strong>el 40% de los niños y adolescentes no hacen ningún extraescolar a lo largo del curso</strong> y que 1 de cada 4 niños termina primaria sin el nivel lector esperado.</p>



<p>Equitat.org analiza los retos de la <strong>llamada educación 360</strong>. Promueve la <a href="https://www.educacio360.cat/">Alianza Educación 360</a>, con más de 400 entidades e instituciones, para fortalecer el compromiso colectivo del país con la educación más allá de la escuela. También trabaja para mejorar la comprensión lectora de los niños con el <a href="https://lecxit.cat/">programa Lecxit</a>, que gracias a más de 2.000 personas voluntarias llega a más de 300 puntos del país.</p>

<p>Cuando termina la escuela las desigualdades educativas crecen aún más. El espacio de mediodía, las extraescolares de tarde o verano, así como la biblioteca de un barrio, determinan las trayectorias personales y pueden corregir graves desigualdades. Pero la realidad es que, en Cataluña, el 40% de los niños y adolescentes no hacen ningún extraescolar a [&hellip;]</p>

<!-- This site is optimized with the Yoast SEO plugin v27.3 - https://yoast.com/product/yoast-seo-wordpress/ -->
<title>Educación más allá de la escuela - Equitat.org</title>
<meta name="description" content="Cuando termina la escuela aumentan las desigualdades educativas. Equitat.org impulsa la Alianza Educación 360 y programas de lectura como Lecxit." />
<meta name="robots" content="index, follow, max-snippet:-1, max-image-preview:large, max-video-preview:-1" />
<link rel="canonical" href="https://www.equitat.org/es/educacion-mas-alla-escuela" />
<meta property="og:locale" content="es_ES" />
<meta property="og:type" content="article" />
<meta property="og:title" content="Educación más allá de la escuela - Equitat.org" />
<meta property="og:description" content="Cuando termina la escuela aumentan las desigualdades educativas. Equitat.org impulsa la Alianza Educación 360 y programas de lectura como Lecxit." />
<meta property="og:url" content="https://www.equitat.org/es/educacion-mas-alla-escuela" />
<meta property="og:site_name" content="Equitat.org" />
<meta property="article:publisher" content="https://www.facebook.com/FundacioBofill?locale=es_ES" />
<meta property="article:modified_time" content="2026-04-20T07:12:34+00:00" />
<meta property="og:image" content="https://www.equitat.org/app/uploads/2026/04/Projectes_EducacioMesEnllaDelEscola.png" />
	<meta property="og:image:width" content="2560" />
	<meta property="og:image:height" content="1076" />
	<meta property="og:image:type" content="image/png" />
<meta name="twitter:card" content="summary_large_image" />
<meta name="twitter:site" content="@FundacioBofill" />
<meta name="twitter:label1" content="Tiempo de lectura" />
	<meta name="twitter:data1" content="1 minuto" />
<script type="application/ld+json" class="yoast-schema-graph">{"@context":"https:\/\/schema.org","@graph":[{"@type":"WebPage","@id":"https:\/\/www.equitat.org\/es\/educacion-mas-alla-escuela","url":"https:\/\/www.equitat.org\/es\/educacion-mas-alla-escuela","name":"Educación más allá de la escuela - Equitat.org","isPartOf":{"@id":"https:\/\/www.equitat.org\/es#website"},"primaryImageOfPage":{"@id":"https:\/\/www.equitat.org\/es\/educacion-mas-alla-escuela#primaryimage"},"image":{"@id":"https:\/\/www.equitat.org\/es\/educacion-mas-alla-escuela#primaryimage"},"thumbnailUrl":"https:\/\/www.equitat.org\/app\/uploads\/2026\/04\/Projectes_EducacioMesEnllaDelEscola.png","datePublished":"2026-04-13T08:46:05+00:00","dateModified":"2026-04-20T07:12:34+00:00","description":"Cuando termina la escuela aumentan las desigualdades educativas. Equitat.org impulsa la Alianza Educación 360 y programas de lectura como Lecxit.","inLanguage":"es","potentialAction":[{"@type":"ReadAction","target":["https:\/\/www.equitat.org\/es\/educacion-mas-alla-escuela"]}]},{"@type":"ImageObject","inLanguage":"es","@id":"https:\/\/www.equitat.org\/es\/educacion-mas-alla-escuela#primaryimage","url":"https:\/\/www.equitat.org\/app\/uploads\/2026\/04\/Projectes_EducacioMesEnllaDelEscola.png","contentUrl":"https:\/\/www.equitat.org\/app\/uploads\/2026\/04\/Projectes_EducacioMesEnllaDelEscola.png","width":2560,"height":1076},{"@type":"WebSite","@id":"https:\/\/www.equitat.org\/es#website","url":"https:\/\/www.equitat.org\/es","name":"Equitat.org","description":"educació per canviar-ho tot","publisher":{"@id":"https:\/\/www.equitat.org\/es#organization"},"potentialAction":[{"@type":"SearchAction","target":{"@type":"EntryPoint","urlTemplate":"https:\/\/www.equitat.org\/es?s={search_term_string}"},"query-input":{"@type":"PropertyValueSpecification","valueRequired":true,"valueName":"search_term_string"}}],"inLanguage":"es"},{"@type":"Organization","@id":"https:\/\/www.equitat.org\/es#organization","name":"Equitat","url":"https:\/\/www.equitat.org\/es","logo":{"@type":"ImageObject","inLanguage":"es","@id":"https:\/\/www.equitat.org\/es#\/schema\/logo\/image\/","url":"https:\/\/www.equitat.org\/app\/uploads\/2026\/04\/fundacio_jaume_bofill_logo.jpg","contentUrl":"https:\/\/www.equitat.org\/app\/uploads\/2026\/04\/fundacio_jaume_bofill_logo.jpg","width":200,"height":200,"caption":"Equitat"},"image":{"@id":"https:\/\/www.equitat.org\/es#\/schema\/logo\/image\/"},"sameAs":["https:\/\/www.facebook.com\/FundacioBofill?locale=es_ES","https:\/\/x.com\/FundacioBofill"]}]}</script>
<!-- / Yoast SEO plugin. -->

Educación más allá de la escuela - Equitat.org

Cuando termina la escuela aumentan las desigualdades educativas. Equitat.org impulsa la Alianza Educación 360 y programas de lectura como Lecxit.

educació per canviar-ho tot
