{"id":152928,"date":"2023-06-27T00:00:00","date_gmt":"2023-06-26T22:00:00","guid":{"rendered":"https:\/\/www.equitat.org\/en\/anuario-educacion-cataluna-equitat"},"modified":"2026-04-20T09:34:43","modified_gmt":"2026-04-20T07:34:43","slug":"yearbook-education-catalonia-equitatorg","status":"publish","type":"projectes","link":"https:\/\/www.equitat.org\/en\/yearbook-education-catalonia-equitatorg","title":{"rendered":"The Yearbook of Education in Catalonia"},"content":{"rendered":"\n<p>The Yearbook of Education in Catalonia offers a portrait of the s<strong>tate of education since 2005<\/strong> and proposes a wide range of policies to address the main challenges facing the system. It is edited by Miquel \u00c0ngel Alegre and Francesc Pedr\u00f3.<\/p>\n\n\n\n<p>The overview provided by these analyses makes the Yearbook an essential tool for understanding and evaluating the evolution of education over the last twenty years.<\/p>\n\n\n\n<p>Since its inception, the direction of the Yearbook has been headed by Xavier Bonal, Ferran Ferrer, Bernat Albaig\u00e9s, Miquel Mart\u00ednez, Josep M. Vilalta, Jordi Riera, C\u00e9sar Coll, Aina Tarabini and Margarita Le\u00f3n, leaders in education research.<\/p>\n","protected":false},"excerpt":{"rendered":"<p>Des de 2005, l\u2019Anuari de l&#8217;educaci\u00f3 de&nbsp;la Fundaci\u00f3 Bofill diagnostica els principals indicadors i tend\u00e8ncies educatives a Catalunya i ofereix reflexions i propostes per a la seva millora. Aquesta publicaci\u00f3 ha esdevingut de refer\u00e8ncia i cada edici\u00f3 \u00e9s un reflex rigor\u00f3s de l\u2019actualitat educativa.<\/p>\n","protected":false},"featured_media":152576,"parent":0,"menu_order":44,"template":"","class_list":["post-152928","projectes","type-projectes","status-publish","has-post-thumbnail","hentry"],"acf":[],"yoast_head":"<!-- This site is optimized with the Yoast SEO plugin v27.3 - https:\/\/yoast.com\/product\/yoast-seo-wordpress\/ -->\n<title>Yearbook of Education in Catalonia - Equitat\u00b7org<\/title>\n<meta name=\"description\" content=\"Explore the Equitat\u00b7org yearbook on education in Catalonia, with diagnoses, indicators and proposals to improve the education system.\" \/>\n<meta name=\"robots\" content=\"index, follow, max-snippet:-1, max-image-preview:large, max-video-preview:-1\" \/>\n<link rel=\"canonical\" href=\"https:\/\/www.equitat.org\/en\/yearbook-education-catalonia-equitatorg\" \/>\n<meta property=\"og:locale\" content=\"en_US\" \/>\n<meta property=\"og:type\" content=\"article\" \/>\n<meta property=\"og:title\" content=\"Yearbook of Education in Catalonia - Equitat\u00b7org\" \/>\n<meta property=\"og:description\" content=\"Explore the Equitat\u00b7org yearbook on education in Catalonia, with diagnoses, indicators and proposals to improve the education system.\" \/>\n<meta property=\"og:url\" content=\"https:\/\/www.equitat.org\/en\/yearbook-education-catalonia-equitatorg\" \/>\n<meta property=\"og:site_name\" content=\"Equitat.org\" \/>\n<meta property=\"article:publisher\" content=\"https:\/\/www.facebook.com\/FundacioBofill?locale=es_ES\" \/>\n<meta property=\"article:modified_time\" content=\"2026-04-20T07:34:43+00:00\" \/>\n<meta property=\"og:image\" content=\"https:\/\/www.equitat.org\/app\/uploads\/2023\/06\/LogoRojo_AnuaridelEducacio.png\" \/>\n\t<meta property=\"og:image:width\" content=\"3274\" \/>\n\t<meta property=\"og:image:height\" content=\"643\" \/>\n\t<meta property=\"og:image:type\" content=\"image\/png\" \/>\n<meta name=\"twitter:card\" content=\"summary_large_image\" \/>\n<meta name=\"twitter:site\" content=\"@FundacioBofill\" \/>\n<meta name=\"twitter:label1\" content=\"Est. reading time\" \/>\n\t<meta name=\"twitter:data1\" content=\"1 minute\" \/>\n<script type=\"application\/ld+json\" class=\"yoast-schema-graph\">{\"@context\":\"https:\\\/\\\/schema.org\",\"@graph\":[{\"@type\":\"WebPage\",\"@id\":\"https:\\\/\\\/www.equitat.org\\\/en\\\/yearbook-education-catalonia-equitatorg\",\"url\":\"https:\\\/\\\/www.equitat.org\\\/en\\\/yearbook-education-catalonia-equitatorg\",\"name\":\"Yearbook of Education in Catalonia - Equitat\u00b7org\",\"isPartOf\":{\"@id\":\"https:\\\/\\\/www.equitat.org\\\/en#website\"},\"primaryImageOfPage\":{\"@id\":\"https:\\\/\\\/www.equitat.org\\\/en\\\/yearbook-education-catalonia-equitatorg#primaryimage\"},\"image\":{\"@id\":\"https:\\\/\\\/www.equitat.org\\\/en\\\/yearbook-education-catalonia-equitatorg#primaryimage\"},\"thumbnailUrl\":\"https:\\\/\\\/www.equitat.org\\\/app\\\/uploads\\\/2023\\\/06\\\/LogoRojo_AnuaridelEducacio.png\",\"datePublished\":\"2023-06-26T22:00:00+00:00\",\"dateModified\":\"2026-04-20T07:34:43+00:00\",\"description\":\"Explore the Equitat\u00b7org yearbook on education in Catalonia, with diagnoses, indicators and proposals to improve the education system.\",\"inLanguage\":\"en-US\",\"potentialAction\":[{\"@type\":\"ReadAction\",\"target\":[\"https:\\\/\\\/www.equitat.org\\\/en\\\/yearbook-education-catalonia-equitatorg\"]}]},{\"@type\":\"ImageObject\",\"inLanguage\":\"en-US\",\"@id\":\"https:\\\/\\\/www.equitat.org\\\/en\\\/yearbook-education-catalonia-equitatorg#primaryimage\",\"url\":\"https:\\\/\\\/www.equitat.org\\\/app\\\/uploads\\\/2023\\\/06\\\/LogoRojo_AnuaridelEducacio.png\",\"contentUrl\":\"https:\\\/\\\/www.equitat.org\\\/app\\\/uploads\\\/2023\\\/06\\\/LogoRojo_AnuaridelEducacio.png\",\"width\":3274,\"height\":643},{\"@type\":\"WebSite\",\"@id\":\"https:\\\/\\\/www.equitat.org\\\/en#website\",\"url\":\"https:\\\/\\\/www.equitat.org\\\/en\",\"name\":\"Equitat.org\",\"description\":\"educaci\u00f3 per canviar-ho tot\",\"publisher\":{\"@id\":\"https:\\\/\\\/www.equitat.org\\\/en#organization\"},\"potentialAction\":[{\"@type\":\"SearchAction\",\"target\":{\"@type\":\"EntryPoint\",\"urlTemplate\":\"https:\\\/\\\/www.equitat.org\\\/en?s={search_term_string}\"},\"query-input\":{\"@type\":\"PropertyValueSpecification\",\"valueRequired\":true,\"valueName\":\"search_term_string\"}}],\"inLanguage\":\"en-US\"},{\"@type\":\"Organization\",\"@id\":\"https:\\\/\\\/www.equitat.org\\\/en#organization\",\"name\":\"Equitat\",\"url\":\"https:\\\/\\\/www.equitat.org\\\/en\",\"logo\":{\"@type\":\"ImageObject\",\"inLanguage\":\"en-US\",\"@id\":\"https:\\\/\\\/www.equitat.org\\\/en#\\\/schema\\\/logo\\\/image\\\/\",\"url\":\"https:\\\/\\\/www.equitat.org\\\/app\\\/uploads\\\/2026\\\/04\\\/fundacio_jaume_bofill_logo.jpg\",\"contentUrl\":\"https:\\\/\\\/www.equitat.org\\\/app\\\/uploads\\\/2026\\\/04\\\/fundacio_jaume_bofill_logo.jpg\",\"width\":200,\"height\":200,\"caption\":\"Equitat\"},\"image\":{\"@id\":\"https:\\\/\\\/www.equitat.org\\\/en#\\\/schema\\\/logo\\\/image\\\/\"},\"sameAs\":[\"https:\\\/\\\/www.facebook.com\\\/FundacioBofill?locale=es_ES\",\"https:\\\/\\\/x.com\\\/FundacioBofill\"]}]}<\/script>\n<!-- \/ Yoast SEO plugin. -->","yoast_head_json":{"title":"Yearbook of Education in Catalonia - Equitat\u00b7org","description":"Explore the Equitat\u00b7org yearbook on education in Catalonia, with diagnoses, indicators and proposals to improve the education system.","robots":{"index":"index","follow":"follow","max-snippet":"max-snippet:-1","max-image-preview":"max-image-preview:large","max-video-preview":"max-video-preview:-1"},"canonical":"https:\/\/www.equitat.org\/en\/yearbook-education-catalonia-equitatorg","og_locale":"en_US","og_type":"article","og_title":"Yearbook of Education in Catalonia - Equitat\u00b7org","og_description":"Explore the Equitat\u00b7org yearbook on education in Catalonia, with diagnoses, indicators and proposals to improve the education system.","og_url":"https:\/\/www.equitat.org\/en\/yearbook-education-catalonia-equitatorg","og_site_name":"Equitat.org","article_publisher":"https:\/\/www.facebook.com\/FundacioBofill?locale=es_ES","article_modified_time":"2026-04-20T07:34:43+00:00","og_image":[{"width":3274,"height":643,"url":"https:\/\/www.equitat.org\/app\/uploads\/2023\/06\/LogoRojo_AnuaridelEducacio.png","type":"image\/png"}],"twitter_card":"summary_large_image","twitter_site":"@FundacioBofill","twitter_misc":{"Est. reading time":"1 minute"},"schema":{"@context":"https:\/\/schema.org","@graph":[{"@type":"WebPage","@id":"https:\/\/www.equitat.org\/en\/yearbook-education-catalonia-equitatorg","url":"https:\/\/www.equitat.org\/en\/yearbook-education-catalonia-equitatorg","name":"Yearbook of Education in Catalonia - Equitat\u00b7org","isPartOf":{"@id":"https:\/\/www.equitat.org\/en#website"},"primaryImageOfPage":{"@id":"https:\/\/www.equitat.org\/en\/yearbook-education-catalonia-equitatorg#primaryimage"},"image":{"@id":"https:\/\/www.equitat.org\/en\/yearbook-education-catalonia-equitatorg#primaryimage"},"thumbnailUrl":"https:\/\/www.equitat.org\/app\/uploads\/2023\/06\/LogoRojo_AnuaridelEducacio.png","datePublished":"2023-06-26T22:00:00+00:00","dateModified":"2026-04-20T07:34:43+00:00","description":"Explore the Equitat\u00b7org yearbook on education in Catalonia, with diagnoses, indicators and proposals to improve the education system.","inLanguage":"en-US","potentialAction":[{"@type":"ReadAction","target":["https:\/\/www.equitat.org\/en\/yearbook-education-catalonia-equitatorg"]}]},{"@type":"ImageObject","inLanguage":"en-US","@id":"https:\/\/www.equitat.org\/en\/yearbook-education-catalonia-equitatorg#primaryimage","url":"https:\/\/www.equitat.org\/app\/uploads\/2023\/06\/LogoRojo_AnuaridelEducacio.png","contentUrl":"https:\/\/www.equitat.org\/app\/uploads\/2023\/06\/LogoRojo_AnuaridelEducacio.png","width":3274,"height":643},{"@type":"WebSite","@id":"https:\/\/www.equitat.org\/en#website","url":"https:\/\/www.equitat.org\/en","name":"Equitat.org","description":"educaci\u00f3 per canviar-ho tot","publisher":{"@id":"https:\/\/www.equitat.org\/en#organization"},"potentialAction":[{"@type":"SearchAction","target":{"@type":"EntryPoint","urlTemplate":"https:\/\/www.equitat.org\/en?s={search_term_string}"},"query-input":{"@type":"PropertyValueSpecification","valueRequired":true,"valueName":"search_term_string"}}],"inLanguage":"en-US"},{"@type":"Organization","@id":"https:\/\/www.equitat.org\/en#organization","name":"Equitat","url":"https:\/\/www.equitat.org\/en","logo":{"@type":"ImageObject","inLanguage":"en-US","@id":"https:\/\/www.equitat.org\/en#\/schema\/logo\/image\/","url":"https:\/\/www.equitat.org\/app\/uploads\/2026\/04\/fundacio_jaume_bofill_logo.jpg","contentUrl":"https:\/\/www.equitat.org\/app\/uploads\/2026\/04\/fundacio_jaume_bofill_logo.jpg","width":200,"height":200,"caption":"Equitat"},"image":{"@id":"https:\/\/www.equitat.org\/en#\/schema\/logo\/image\/"},"sameAs":["https:\/\/www.facebook.com\/FundacioBofill?locale=es_ES","https:\/\/x.com\/FundacioBofill"]}]}},"_links":{"self":[{"href":"https:\/\/www.equitat.org\/en\/wp-json\/wp\/v2\/projectes\/152928","targetHints":{"allow":["GET"]}}],"collection":[{"href":"https:\/\/www.equitat.org\/en\/wp-json\/wp\/v2\/projectes"}],"about":[{"href":"https:\/\/www.equitat.org\/en\/wp-json\/wp\/v2\/types\/projectes"}],"wp:featuredmedia":[{"embeddable":true,"href":"https:\/\/www.equitat.org\/en\/wp-json\/wp\/v2\/media\/152576"}],"wp:attachment":[{"href":"https:\/\/www.equitat.org\/en\/wp-json\/wp\/v2\/media?parent=152928"}],"curies":[{"name":"wp","href":"https:\/\/api.w.org\/{rel}","templated":true}]}}

<p>The Yearbook of Education in Catalonia offers a portrait of the s<strong>tate of education since 2005</strong> and proposes a wide range of policies to address the main challenges facing the system. It is edited by Miquel Àngel Alegre and Francesc Pedró.</p>



<p>The overview provided by these analyses makes the Yearbook an essential tool for understanding and evaluating the evolution of education over the last twenty years.</p>



<p>Since its inception, the direction of the Yearbook has been headed by Xavier Bonal, Ferran Ferrer, Bernat Albaigés, Miquel Martínez, Josep M. Vilalta, Jordi Riera, César Coll, Aina Tarabini and Margarita León, leaders in education research.</p>

<p>Des de 2005, l’Anuari de l&#8217;educació de&nbsp;la Fundació Bofill diagnostica els principals indicadors i tendències educatives a Catalunya i ofereix reflexions i propostes per a la seva millora. Aquesta publicació ha esdevingut de referència i cada edició és un reflex rigorós de l’actualitat educativa.</p>

<!-- This site is optimized with the Yoast SEO plugin v27.3 - https://yoast.com/product/yoast-seo-wordpress/ -->
<title>Yearbook of Education in Catalonia - Equitat·org</title>
<meta name="description" content="Explore the Equitat·org yearbook on education in Catalonia, with diagnoses, indicators and proposals to improve the education system." />
<meta name="robots" content="index, follow, max-snippet:-1, max-image-preview:large, max-video-preview:-1" />
<link rel="canonical" href="https://www.equitat.org/en/yearbook-education-catalonia-equitatorg" />
<meta property="og:locale" content="en_US" />
<meta property="og:type" content="article" />
<meta property="og:title" content="Yearbook of Education in Catalonia - Equitat·org" />
<meta property="og:description" content="Explore the Equitat·org yearbook on education in Catalonia, with diagnoses, indicators and proposals to improve the education system." />
<meta property="og:url" content="https://www.equitat.org/en/yearbook-education-catalonia-equitatorg" />
<meta property="og:site_name" content="Equitat.org" />
<meta property="article:publisher" content="https://www.facebook.com/FundacioBofill?locale=es_ES" />
<meta property="article:modified_time" content="2026-04-20T07:34:43+00:00" />
<meta property="og:image" content="https://www.equitat.org/app/uploads/2023/06/LogoRojo_AnuaridelEducacio.png" />
	<meta property="og:image:width" content="3274" />
	<meta property="og:image:height" content="643" />
	<meta property="og:image:type" content="image/png" />
<meta name="twitter:card" content="summary_large_image" />
<meta name="twitter:site" content="@FundacioBofill" />
<meta name="twitter:label1" content="Est. reading time" />
	<meta name="twitter:data1" content="1 minute" />
<script type="application/ld+json" class="yoast-schema-graph">{"@context":"https:\/\/schema.org","@graph":[{"@type":"WebPage","@id":"https:\/\/www.equitat.org\/en\/yearbook-education-catalonia-equitatorg","url":"https:\/\/www.equitat.org\/en\/yearbook-education-catalonia-equitatorg","name":"Yearbook of Education in Catalonia - Equitat·org","isPartOf":{"@id":"https:\/\/www.equitat.org\/en#website"},"primaryImageOfPage":{"@id":"https:\/\/www.equitat.org\/en\/yearbook-education-catalonia-equitatorg#primaryimage"},"image":{"@id":"https:\/\/www.equitat.org\/en\/yearbook-education-catalonia-equitatorg#primaryimage"},"thumbnailUrl":"https:\/\/www.equitat.org\/app\/uploads\/2023\/06\/LogoRojo_AnuaridelEducacio.png","datePublished":"2023-06-26T22:00:00+00:00","dateModified":"2026-04-20T07:34:43+00:00","description":"Explore the Equitat·org yearbook on education in Catalonia, with diagnoses, indicators and proposals to improve the education system.","inLanguage":"en-US","potentialAction":[{"@type":"ReadAction","target":["https:\/\/www.equitat.org\/en\/yearbook-education-catalonia-equitatorg"]}]},{"@type":"ImageObject","inLanguage":"en-US","@id":"https:\/\/www.equitat.org\/en\/yearbook-education-catalonia-equitatorg#primaryimage","url":"https:\/\/www.equitat.org\/app\/uploads\/2023\/06\/LogoRojo_AnuaridelEducacio.png","contentUrl":"https:\/\/www.equitat.org\/app\/uploads\/2023\/06\/LogoRojo_AnuaridelEducacio.png","width":3274,"height":643},{"@type":"WebSite","@id":"https:\/\/www.equitat.org\/en#website","url":"https:\/\/www.equitat.org\/en","name":"Equitat.org","description":"educació per canviar-ho tot","publisher":{"@id":"https:\/\/www.equitat.org\/en#organization"},"potentialAction":[{"@type":"SearchAction","target":{"@type":"EntryPoint","urlTemplate":"https:\/\/www.equitat.org\/en?s={search_term_string}"},"query-input":{"@type":"PropertyValueSpecification","valueRequired":true,"valueName":"search_term_string"}}],"inLanguage":"en-US"},{"@type":"Organization","@id":"https:\/\/www.equitat.org\/en#organization","name":"Equitat","url":"https:\/\/www.equitat.org\/en","logo":{"@type":"ImageObject","inLanguage":"en-US","@id":"https:\/\/www.equitat.org\/en#\/schema\/logo\/image\/","url":"https:\/\/www.equitat.org\/app\/uploads\/2026\/04\/fundacio_jaume_bofill_logo.jpg","contentUrl":"https:\/\/www.equitat.org\/app\/uploads\/2026\/04\/fundacio_jaume_bofill_logo.jpg","width":200,"height":200,"caption":"Equitat"},"image":{"@id":"https:\/\/www.equitat.org\/en#\/schema\/logo\/image\/"},"sameAs":["https:\/\/www.facebook.com\/FundacioBofill?locale=es_ES","https:\/\/x.com\/FundacioBofill"]}]}</script>
<!-- / Yoast SEO plugin. -->

educació per canviar-ho tot
